-c**2 - 10*c - 5. Let d be g(-9). Suppose 4*b + d*f = 0, -3*b - b = -f + 15. Let w = 9 + b. What are the prime factors of w?
2, 3
Let s(g) = 4*g**2 - 21*g - 8. What are the prime factors of s(7)?
41
Suppose 5*f - 20 = -2*g, -f - 1 = -4*g - 5. Suppose -2*i + 24 = b, 2*i = f*b + 26 - 2. Let w = 17 - i. List the prime factors of w.
5
Let a(h) = -h**3 - 10*h**2 - 9*h - 3. Let u be a(-9). What are the prime factors of 28 - (4 + (-6 - u))?
3
Let n(s) be the first derivative of -1 - 1/2*s**2 + 3*s. What are the prime factors of n(-6)?
3
Let l = -61 - -101. List the prime factors of l.
2, 5
Suppose 385 + 57 = 2*a + 4*k, 3*k + 895 = 4*a. What are the prime factors of a?
223
Suppose 2*t = 6, -3*t + 8*t + 273 = 2*l. What are the prime factors of l?
2, 3
Let c(t) be the first derivative of -3*t**2/2 - 3*t - 1. What are the prime factors of c(-8)?
3, 7
Let r(x) = -x**3 + 11*x**2 + 16*x - 16. List the prime factors of r(10).
2, 61
Let n(o) = 24*o + 50. What are the prime factors of n(5)?
2, 5, 17
Suppose 9 = 4*d - y, 2*y - 6 = -0. Suppose -3*g = -5*g, -d = 3*x + g. Let h = x - -5. What are the prime factors of h?
2
Let q(r) = -r**3 - 8*r**2 + 6*r - 11. Let i be q(-9). Let y = i + 5. What are the prime factors of y?
3, 7
Let q(r) = r**3 - 3*r**2 + 4*r + 3. Let a be q(4). Suppose -5*l + i + 24 = -a, 0 = 3*l - 2*i - 34. List the prime factors of l.
2, 3
Suppose -4*x - 5*r + 866 = -249, 5*x = r + 1372. What are the prime factors of x?
5, 11
Let o = 30 + 6. List the prime factors of o.
2, 3
Let q(j) = j**2 - 6*j + 6. Let s be q(4). Let z(b) = 3*b + 2. Let x be z(s). Let t = x + 11. List the prime factors of t.
7
Let s = -2 - -5. Let m be 3/(s*(-2)/4). What are the prime factors of 1*m/(-1) - -2?
2
What are the prime factors of (-50)/(-15)*876/10?
2, 73
Suppose -i = -4*l + 14, -l + 18 = l + 5*i. Suppose l*h - 31 = 53. List the prime factors of h.
3, 7
What are the prime factors of ((-1)/2)/(-1*(-4)/(-1616))?
2, 101
Suppose 435 = 7*x - 3*x - 5*c, -10 = -2*c. List the prime factors of x.
5, 23
What are the prime factors of 14 - (1 - 9/(-3))?
2, 5
List the prime factors of ((-4)/8*-20)/2.
5
Suppose -2*d + 9 + 137 = -2*y, -d + 65 = 3*y. Suppose -t + d = 2*t - 5*p, 0 = -t + 4*p + 33. What are the prime factors of t?
17
Suppose -4*f + 32 = -z - 2*z, 0 = -2*f - 4*z - 6. Suppose 5*w - 40 = -f*r, -4 = r + 5*w + 4. Suppose g - r = -g. What are the prime factors of g?
2, 3
Suppose 5*w + 25 = -0*w. List the prime factors of 3/(2 + -1) - w.
2
Suppose -4*m = -2*m. Suppose -2*t + m*b + 21 = -3*b, 37 = 4*t - b. What are the prime factors of t?
3
Suppose -3*s = 5*k - 56, 0 = 3*s - k - 25 - 25. Suppose 5*u + 43 - s = 3*w, 0 = -3*w + 2*u + 23. What are the prime factors of w?
7
Let s(b) = 4*b**2 - 2. Let o be s(2). Suppose -5*q + o = -4*n, -1 = 3*q - 5*n - 12. What are the prime factors of q?
2
Let h = -5 + 8. Let o(q) = 6*q**2 - 5*q**2 - 2*q + 3*q**2 - 5 + q**h + 3*q**2. List the prime factors of o(-7).
3
Let r = 4 - 2. Let u(v) = 3*v**2. Let j be u(4). Suppose -r*y - j = -6*y. List the prime factors of y.
2, 3
Suppose -2*a = -3*a + 10. What are the prime factors of a?
2, 5
Suppose -v + 2*v + 5 = 0. Let r = v + 9. List the prime factors of r.
2
Let q be (-1)/(-3) + (-2)/6. Let s = q + -5. Let g = 8 + s. List the prime factors of g.
3
Let i = 75 + -44. List the prime factors of i.
31
Suppose -175 - 70 = -5*x. What are the prime factors of x?
7
Suppose 5*i - 78 = 62. Suppose -o = -2*o - i. List the prime factors of (2/(-4))/(2/o).
7
Let h(l) be the third derivative of l**4/24 + l**3 - l**2. List the prime factors of h(7).
13
Let c = 94 + -58. Suppose -4*b + c + 0 = 0. List the prime factors of b.
3
What are the prime factors of (-164)/(-6) - (-16)/(-12)?
2, 13
List the prime factors of 35 - ((3 - 3) + -2).
37
Let s(h) = h**3 - 6*h**2. Let d be s(6). Suppose d = -i + 3*i - 46. What are the prime factors of i?
23
Suppose 16 = -4*v + 88. Suppose -2 = 4*m - v. Suppose m*u + 2 = 3*o, -u + 1 = -o + 2. List the prime factors of o.
2
Suppose 2*d = 5*g + 38 + 50, 3*d - 98 = -g. Suppose d = 4*k - 4*w - 186, -3*w = k - 67. Suppose -k + 22 = -3*a. What are the prime factors of a?
2, 3
Let o(m) = -5*m**3 - m. Let y be -1*5 + 4 + -2. Let p = -4 - y. What are the prime factors of o(p)?
2, 3
Let q(m) = m**2 + 1. Let x be q(-2). Let j(z) = -x*z + 4*z**2 + 0*z**3 + 2 - z**3 + 3*z**2. List the prime factors of j(6).
2
Let h(i) = 19*i + 1. Let f be h(-1). Let n = -65 + 36. Let t = f - n. What are the prime factors of t?
11
Suppose 2*v - 2*i - 58 = 0, -v + 0*i = 2*i - 26. Let n be (1*-1)/((-7)/v). Suppose -n*s - 14 = -5*s. List the prime factors of s.
2, 7
Suppose -2*u + 7*u = -3*a + 361, 0 = -3*u - 4*a + 221. What are the prime factors of u?
71
Suppose 2*d = 5 - 1. Suppose 2*r = 10 + 46. Suppose -2*s = d*s - r. List the prime factors of s.
7
Let c(z) = z**3 - 7*z**2 + 9*z - 5. What are the prime factors of c(7)?
2, 29
Suppose 328 = 4*v - 136. List the prime factors of v.
2, 29
Let g be ((-4)/(8/14))/1. Let r = 13 + g. Let w(m) = -m**2 + 9*m - 6. What are the prime factors of w(r)?
2, 3
Let o = -7 + 75. What are the prime factors of o?
2, 17
Let z = 2 - 0. Suppose -2*o = -3*x - 8, -4*o + x = 3*x. Let b = z + o. What are the prime factors of b?
3
Let x = -19 + 19. Suppose 2*i - 14 = -x*i. What are the prime factors of i?
7
Let y(b) = b + 2. Let k be y(-4). What are the prime factors of 14/1 + 0/k?
2, 7
Suppose -b - 15 = 3*i, 3*b = -0*i - i - 53. Let s = b + 12. Let c(q) = q**2 + 5*q + 5. List the prime factors of c(s).
11
Let b be (0/(-2))/1 - -10. List the prime factors of -2*(1 - 0) + b.
2
Suppose -2*j + 15 = 3*j. Suppose -o + j*b - 17 = 0, 2*b = 5*b - 12. Let r = o - -10. What are the prime factors of r?
5
Let z = -3 - -4. Let s = z + 0. List the prime factors of ((-9)/15)/(s/(-15)).
3
Let o(f) = f**3 + 4*f**2 - 5*f. Let m be o(-5). Suppose -5*j + 20 + 15 = m. What are the prime factors of j?
7
Let c be 550/20 + 2/4. Suppose -i = -5*a - 40, -2*a = i - 2*i + c. What are the prime factors of i?
2, 5
Let m be -24*(-2 - -1) - 0. Suppose 3*n = -n + m. What are the prime factors of n?
2, 3
Suppose -3*f + 9 = -3*b, 5*f - 3*b - 3 - 16 = 0. Let x = 9 - f. Suppose 5*y = -2*l - 2*l + 71, 0 = 3*y - x*l - 17. List the prime factors of y.
11
Let u = -7 + 16. Let x(g) = -2 + 1 - u + 2*g - 4. List the prime factors of x(11).
2
Let g = -47 - -77. List the prime factors of g.
2, 3, 5
Let p(o) = 7*o. What are the prime factors of p(5)?
5, 7
Let y be -2 + 0 + 1 + 1. Let d be y + (-1)/(1/(-88)). List the prime factors of 2/3 + d/12.
2
Let n(a) = a**2 + 6*a - 3. Let b be n(-6). Let q = b + 14. List the prime factors of q.
11
Suppose -60 = -9*c + 5*c. What are the prime factors of c?
3, 5
Suppose -z - 2 = -3*z. What are the prime factors of (-2)/(z/15*-2)?
3, 5
Suppose -5*t + j = 29, -4 = 2*t - 5*j + 3. Let r(n) = n + 9. Let l be r(t). Suppose l*k = 4*k - 16. What are the prime factors of k?
2
Suppose 65 = -3*c - 2*c. Let z(k) = k**3 + 14*k**2 + 12*k - 11. List the prime factors of z(c).
2
Suppose -o = -2*n + 2, -3*n + 2 = 3*o - 5*n. Suppose -7 = -3*j - o*x, -4*x - 36 = -5*j + j. What are the prime factors of j?
5
Let w = -105 + 298. List the prime factors of w.
193
Suppose 5*q = -5*n + 185, 0 = 2*n - q - q - 54. What are the prime factors of n?
2
Suppose 5*x + 7 = 2, i - 3*x = 70. List the prime factors of i.
67
Suppose -4*w = 5*m - 95, w + 5*m - 5 = -0. Let x = w - 21. List the prime factors of x.
3
Suppose -4 = -4*t, 2*z + t + 2 = 9. Let s = -2 + z. Suppose -5*d + 4*h + 36 = 0, 0 = -0*h - h + s. What are the prime factors of d?
2
Suppose -4*s + u + 6 = -11, -2*s + 2*u = -10. Suppose s*l = 36 + 12. Suppose 0 = -2*a + 3*a - l. List the prime factors of a.
2, 3
Suppose -25*n + 30*n - 170 = 0. List the prime factors of n.
2, 17
Let l(n) = n**3 - 2*n**2 - n - 3. Let d = 0 + 3. What are the prime factors of l(d)?
3
Let g(r) be the second derivative of -r**3/3 - 13*r**2/2 + r. Suppose -v - 30 = 2*v. What are the prime factors of g(v)?
7
Suppose 5 = x, r + x = -2*x + 99. Suppose -3*i - 4*d - r = -6*i, 2*d + 28 = i. Suppose 0*v - 4*v = -i. List the prime factors of v.
7
Suppose -5*l + 10 = 55. Let w = l - -31. List the prime factors of w.
2, 11
Suppose -4*x + 6 = -2*r - 10, x + 5*r = 26. Let l(f) = f**2 - 4*f + 2. What are t